ided by 54.
50
Let q = 12969 - 12752. Calculate the remainder when q is divided by 20.
17
Let b(y) = y**3 - 8*y**2 + 21*y + 53. What is the remainder when 2669 is divided by b(6)?
101
Suppose -350796 = -114*b + 150690. What is the remainder when b is divided by 119?
115
Suppose 11*i + 6*i - 167 = 122. Calculate the remainder when 891 is divided by i.
7
Let c(t) = t**3 - 20*t**2 - 14*t - 157. What is the remainder when 1513 is divided by c(22)?
4
Suppose 9*r - 327 = 69. What is the remainder when -423*6/(-27) - (-4 - (-2 - -3)) is divided by r?
11
Suppose -5*q + 2*j = -15, -2*q = -8*j + 3*j - 6. Suppose q*z - 21 = 12. Calculate the remainder when z is divided by (4/5)/((-2)/(-15)).
5
Let z(g) = 115*g**3 + g**2 - 3*g + 2. Let i be z(1). Let o = -93 + i. Suppose 297 = o*t - 13*t. What is the remainder when 64 is divided by t?
31
Let s(p) = -14*p - 2. Let d be s(1). Let t = d + 23. Let g(f) = 3*f - 5. Calculate the remainder when 30 is divided by g(t).
14
Let w(g) = -3*g**2 + 20*g + 89. Let l be (-7)/(9/(-6) - -1). What is the remainder when w(9) is divided by l + 0*(-3)/9?
12
What is the remainder when (99/(-18) - -1*(6 - 2))*-692 is divided by 345?
3
Let b(y) = 2*y + 4. Let p be b(0). Calculate the remainder when p/6 - (-485)/15 is divided by 18.
15
Let p = 10 + -5. Suppose p*v - 4*l - 193 = 0, -103 = -3*v - 0*l - 4*l. Let q(g) = 12*g**2 - 393*g + 11. What is the remainder when q(33) is divided by v?
36
Let v(i) = 4286*i - 3000. What is the remainder when v(1) is divided by 287?
138
Let y(v) = v**3 + 9*v**2 + 11*v - 4. Suppose 4*l - 334 - 301 = 3*o, -2*l + 315 = -o. What is the remainder when l is divided by y(-5)?
32
Suppose m + 2 = 2*c, -2*m + 4 = -m. Let t(i) = -7*i - 33. Let s be t(-9). What is the remainder when s/12 - (-44)/8 is divided by c?
2
Let t be 51*3/(-1 - -4). Let o = t - 51. Suppose -6 + o = -a. What is the remainder when 27 is divided by a?
3
Suppose -4*a + 86 = 3*d - 889, 0 = -d + 2*a + 345. Calculate the remainder when d is divided by 193.
140
Let u = -84 + 87. Calculate the remainder when (-96)/(-2)*(-1)/(-2) is divided by -3*(u - 5)*(-20)/(-24).
4
Let a = -989 + 1033. Suppose -18 = -3*y + 27. What is the remainder when a is divided by y?
14
Suppose 60*j + 21071 = 16*j + 152895. Calculate the remainder when j is divided by 12.
8
Suppose 5*z - 6*z = -9. Suppose -z*t = -12*t + 48. Let v = 131 - 68. What is the remainder when v is divided by t?
15
Let z = -7 + 19. Let o be 2 + -2*470/4. Let m = 303 + o. What is the remainder when m is divided by z?
10
Suppose -o - 2*n = -738, -88*n = -2*o - 79*n + 1489. What is the remainder when 2233 is divided by o?
13
Let r = 3576 - 2082. Let y = r - 1482. What is the remainder when (-4 - -1)*59/(-3) is divided by y?
11
Let c(j) = 2*j**2 + 15*j - 3. Calculate the remainder when (24/16)/((-6)/(-260)) is divided by c(-9).
17
Let r = 95 + -97. Let f be 534*((-7)/r + -3). Suppose -64 + f = 7*d. Calculate the remainder when 55 is divided by d.
26
Let w(m) = 4 + 7*m + 145*m**2 - 144*m**2 - 1 + 2. Suppose -a + 16 = 2*z, z - 6 = -1. What is the remainder when w(a) is divided by 14?
13
Calculate the remainder when ((-2 + 8)*27/12)/((-22)/(-264)) is divided by 101.
61
Let l(g) = 21*g + 34. Let t be l(8). Suppose 0 = 4*q + 4*k - 2*k + t, 4 = -4*k. Calculate the remainder when 39 is divided by (6/(-5))/(3/q).
19
Let p(g) = -430*g + 13357. Let s = 129 + -59. Calculate the remainder when s is divided by p(31).
16
Suppose -32*u + 25*u = -1610. Let a = u - 171. Calculate the remainder when 353 is divided by a.
58
Suppose 3*n + 12 = 0, 128*n - 136 = -2*q + 123*n. Calculate the remainder when 155 is divided by q.
77
What is the remainder when 4198/18 + 12/(-54) is divided by 66?
35
Let z(j) = 548*j + 6616. Let y(o) = -o**3 - 3*o**2 - o + 4. What is the remainder when z(-12) is divided by y(-3)?
5
Suppose 3*s - 350 = 2*j - s, 0 = 4*j - 2*s + 688. Let f = -164 - j. What is the remainder when 12 is divided by f?
5
Let u = 404 + -373. Suppose 3*v = -w + u, 27 = -w + 3*w - v. What is the remainder when w is divided by 9?
7
Let y = -148 - -326. Suppose -296*h = -295*h - y. What is the remainder when h is divided by 36?
34
Let s(w) = -w**2 - 4*w + 3. Let m be s(-5). Suppose 40*r + 510 = 74*r. Calculate the remainder when r is divided by m + 12 + 0 + -1.
6
Suppose 10*u + u - 467 = 303. What is the remainder when 407 is divided by u?
57
What is the remainder when 3166 is divided by (-96 + 64)/(((-2)/(-6))/((-5)/10))?
46
Calculate the remainder when 2428 is divided by (274833/(-189))/(-27) - 1/(-7).
52
Suppose 4*u + 1 = 213. Suppose -2862 = 14*y + 708. Let l = y - -516. Calculate the remainder when l is divided by u.
49
Let m(u) = 2*u**2 + 16*u - 12. Let v be m(-9). Suppose -5*x - v*x - 44 = 0. What is the remainder when ((-63)/x)/((36/(-32))/(-3)) is divided by 15?
12
Let u = 5212 - 5128. What is the remainder when 2670 is divided by u?
66
Let p(z) = 8 - z**2 - 6*z**3 + 7*z**3 + 3*z + 7*z - 34*z - 17*z. What is the remainder when 28 is divided by p(-6)?
0
Suppose -s - 4*s - 253 = -3*w, 5*s = -25. Let b(u) = u**3 - 38*u**2 - 110*u + 1239. What is the remainder when w is divided by b(40)?
37
Let w be 180/10 + (3*2 - 2). Let f(l) = 51*l + 25*l + 26*l - w*l + 32. Calculate the remainder when f(5) is divided by 62.
60
Let y = 3809 + 4622. Calculate the remainder when y is divided by 422.
413
Suppose 5*f - 10 = 0, 188 = -3*b + f + 678. What is the remainder when 460 is divided by b?
132
Let y(z) = 14*z**2 - 59*z + 2075. What is the remainder when y(23) is divided by 43?
40
Suppose -20*t - 6 = -26*t. Suppose -4*x - 2*l - t = -3*l, -l - 8 = 5*x. Calculate the remainder when 69 is divided by (18 - x)*(5 + -4).
12
Suppose -5*l - 4*u = -0*l - 165, 49 = 2*l + 5*u. Let t = l - 28. Calculate the remainder when (46 - 9) + (2 - 5) is divided by t.
7
Suppose 3*l = -3*p + 174, -16*p + 14*p - 5*l + 107 = 0. Calculate the remainder when p is divided by 28.
5
Let b(q) = -6*q**3 + 2*q + 2. Let i(h) = h + 1. Let l be i(6). Suppose 4*z - l*z + 36 = 0. Calculate the remainder when b(-2) is divided by z.
10
Let b(u) = 107*u**2 - 3*u + 3. Suppose 20 = 9*w + 11. What is the remainder when b(w) is divided by 56?
51
Let d(x) = 186*x**2 + 280*x + 554. Calculate the remainder when d(-2) is divided by 10.
8
Let u(m) = 37*m + 175. Suppose 0*b - 2385 = -3*b. Suppose -2*a = -7*a + b. Calculate the remainder when a is divided by u(-4).
24
Let n = 2 + 41. Calculate the remainder when 525 - (4587/(-695))/((-6)/10) is divided by n.
41
Let f(y) = -1204*y**3 - y**2 - 26*y - 24. Calculate the remainder when f(-1) is divided by 195.
35
Let c(j) = -116*j - 141. Let x be c(-6). Suppose -25*r = -495 - x. Calculate the remainder when 77 is divided by r.
35
Let h = 118 + -62. What is the remainder when h is divided by ((-18)/1)/((-3300)/5500)?
26
Let u(n) = 15*n + 1272. What is the remainder when 1160 is divided by u(-83)?
26
Let s(j) = 24*j**2 - 45*j + 588. Calculate the remainder when s(11) is divided by 47.
36
Suppose 68*p = 48*p + 900. What is the remainder when 116 is divided by p?
26
Let t = -300 - -445. Let p(y) = y**3 + 8*y**2 - y - 3. Let g be p(-8). What is the remainder when t is divided by (g - 6)*-1*37?
34
Let a = -357 - -359. Suppose 114 = a*g - 2*k, -134 = -2*g - 0*k - 3*k. Calculate the remainder when 238 is divided by g.
55
Suppose -5*y + 335 = 8*s - 12*s, -4*y - s + 289 = 0. Let p(x) = 33*x - 83. What is the remainder when p(11) is divided by y?
67
Let p = -37 - -37. Suppose -9*q + 365 + 535 = p. Calculate the remainder when q is divided by 27.
19
Let s = 894 - 836. Suppose 0 = 4*d - 139 + 7. What is the remainder when s is divided by d?
25
Let f = -21302 - -21442. What is the remainder when 244 is divided by f?
104
Let u = -7967 + 8002. What is the remainder when 4689 is divided by u?
34
Let a(l) = l**2 - l. Let j be a(3). Let z(u) be the third derivative of 5*u**4/12 - 7*u**3/3 + 38*u**2 - u. What is the remainder when z(j) is divided by 12?
10
Suppose 57 = 3*c - 2*z - 54, z = 5*c - 178. Let a = 1069 + -553. What is the remainder when (-10)/3*a/(-10) is divided by c?
32
What is the remainder when 438 is divided by 37*((13 - 2) + -9)?
68
Let o = -9 + 13. What is the remainder when (-3 - (-15)/6)/(126/(-7560)) is divided by o?
2
Let c(i) = 3*i*